{"id":69,"date":"2023-07-17T14:31:39","date_gmt":"2023-07-17T14:31:39","guid":{"rendered":"http:\/\/noxiy.local\/?page_id=68"},"modified":"2025-05-07T12:57:04","modified_gmt":"2025-05-07T09:57:04","slug":"iletisim","status":"publish","type":"page","link":"https:\/\/onyxenergy.com.tr\/enerji\/iletisim\/","title":{"rendered":"\u0130leti\u015fim"},"content":{"rendered":"\t\t<div data-elementor-type=\"wp-page\" data-elementor-id=\"69\" class=\"elementor elementor-69\">\n\t\t\t\t<div class=\"elementor-element elementor-element-ca3751e e-flex e-con-boxed e-con e-parent\" data-id=\"ca3751e\" data-element_type=\"container\">\n\t\t\t\t\t<div class=\"e-con-inner\">\n\t\t\t\t<div class=\"elementor-element elementor-element-dc5479c elementor-widget elementor-widget-spacer\" data-id=\"dc5479c\" data-element_type=\"widget\" data-widget_type=\"spacer.default\">\n\t\t\t\t<div class=\"elementor-widget-container\">\n\t\t\t\t\t<div class=\"elementor-spacer\">\n\t\t\t<div class=\"elementor-spacer-inner\"><\/div>\n\t\t<\/div>\n\t\t\t\t<\/div>\n\t\t\t\t<\/div>\n\t\t\t\t\t<\/div>\n\t\t\t\t<\/div>\n\t\t<div class=\"elementor-element elementor-element-a101a72 e-flex e-con-boxed e-con e-parent\" data-id=\"a101a72\" data-element_type=\"container\">\n\t\t\t\t\t<div class=\"e-con-inner\">\n\t\t\t\t<div class=\"elementor-element elementor-element-a331628 elementor-widget elementor-widget-heading\" data-id=\"a331628\" data-element_type=\"widget\" data-widget_type=\"heading.default\">\n\t\t\t\t<div class=\"elementor-widget-container\">\n\t\t\t<h2 class=\"elementor-heading-title elementor-size-default\">ONYX ENERJ\u0130 SAN. VE T\u0130C. LTD. \u015eT\u0130.<\/h2>\t\t<\/div>\n\t\t\t\t<\/div>\n\t\t\t\t<div class=\"elementor-element elementor-element-b603f90 elementor-widget-divider--view-line elementor-widget elementor-widget-divider\" data-id=\"b603f90\" data-element_type=\"widget\" data-widget_type=\"divider.default\">\n\t\t\t\t<div class=\"elementor-widget-container\">\n\t\t\t\t\t<div class=\"elementor-divider\">\n\t\t\t<span class=\"elementor-divider-separator\">\n\t\t\t\t\t\t<\/span>\n\t\t<\/div>\n\t\t\t\t<\/div>\n\t\t\t\t<\/div>\n\t\t\t\t<div class=\"elementor-element elementor-element-2d37c83 elementor-widget elementor-widget-text-editor\" data-id=\"2d37c83\" data-element_type=\"widget\" data-widget_type=\"text-editor.default\">\n\t\t\t\t<div class=\"elementor-widget-container\">\n\t\t\t\t\t\t\t<p>Onyx Energy ile ileti\u015fime ge\u00e7mek isterseniz, a\u015fa\u011f\u0131daki ileti\u015fim bilgilerimizi kullanabilirsiniz. Ekibimiz, sizinle i\u015f birli\u011fi yapmaktan ve ihtiya\u00e7lar\u0131n\u0131z\u0131 anlamaktan mutluluk duyacakt\u0131r.<\/p>\t\t\t\t\t\t<\/div>\n\t\t\t\t<\/div>\n\t\t\t\t\t<\/div>\n\t\t\t\t<\/div>\n\t\t<div class=\"elementor-element elementor-element-d7d048e e-flex e-con-boxed e-con e-parent\" data-id=\"d7d048e\" data-element_type=\"container\">\n\t\t\t\t\t<div class=\"e-con-inner\">\n\t\t<div class=\"elementor-element elementor-element-e8e71e5 e-con-full e-flex e-con e-child\" data-id=\"e8e71e5\" data-element_type=\"container\">\n\t\t\t\t<div class=\"elementor-element elementor-element-5633381 elementor-widget elementor-widget-heading\" data-id=\"5633381\" data-element_type=\"widget\" data-widget_type=\"heading.default\">\n\t\t\t\t<div class=\"elementor-widget-container\">\n\t\t\t<h2 class=\"elementor-heading-title elementor-size-default\">T\u00fcrkiye Ofisi<\/h2>\t\t<\/div>\n\t\t\t\t<\/div>\n\t\t\t\t<div class=\"elementor-element elementor-element-b46e073 elementor-widget-divider--view-line elementor-widget elementor-widget-divider\" data-id=\"b46e073\" data-element_type=\"widget\" data-widget_type=\"divider.default\">\n\t\t\t\t<div class=\"elementor-widget-container\">\n\t\t\t\t\t<div class=\"elementor-divider\">\n\t\t\t<span class=\"elementor-divider-separator\">\n\t\t\t\t\t\t<\/span>\n\t\t<\/div>\n\t\t\t\t<\/div>\n\t\t\t\t<\/div>\n\t\t\t\t<div class=\"elementor-element elementor-element-d9476e5 elementor-widget elementor-widget-text-editor\" data-id=\"d9476e5\" data-element_type=\"widget\" data-widget_type=\"text-editor.default\">\n\t\t\t\t<div class=\"elementor-widget-container\">\n\t\t\t\t\t\t\t<p><strong>Adres:<\/strong> Cevizli Mah. Saraylar Cad.DAP<\/p><p>Vazo Plaza No:6 C Blok Kat:2<\/p><p>D:12 Maltepe \/ \u0130stanbul<\/p><p><strong>Telefon:\u00a0<\/strong>+90 ( 541 ) 260 91 64<\/p><p><strong>e-Mail: <\/strong>sinem.soyer@onyxenergy.com.tr<\/p>\t\t\t\t\t\t<\/div>\n\t\t\t\t<\/div>\n\t\t\t\t<div class=\"elementor-element elementor-element-d2d4af5 elementor-widget elementor-widget-heading\" data-id=\"d2d4af5\" data-element_type=\"widget\" data-widget_type=\"heading.default\">\n\t\t\t\t<div class=\"elementor-widget-container\">\n\t\t\t<h2 class=\"elementor-heading-title elementor-size-default\">Kanada Ofisi<\/h2>\t\t<\/div>\n\t\t\t\t<\/div>\n\t\t\t\t<div class=\"elementor-element elementor-element-4bfaa3a elementor-widget-divider--view-line elementor-widget elementor-widget-divider\" data-id=\"4bfaa3a\" data-element_type=\"widget\" data-widget_type=\"divider.default\">\n\t\t\t\t<div class=\"elementor-widget-container\">\n\t\t\t\t\t<div class=\"elementor-divider\">\n\t\t\t<span class=\"elementor-divider-separator\">\n\t\t\t\t\t\t<\/span>\n\t\t<\/div>\n\t\t\t\t<\/div>\n\t\t\t\t<\/div>\n\t\t\t\t<div class=\"elementor-element elementor-element-377d472 elementor-widget elementor-widget-text-editor\" data-id=\"377d472\" data-element_type=\"widget\" data-widget_type=\"text-editor.default\">\n\t\t\t\t<div class=\"elementor-widget-container\">\n\t\t\t\t\t\t\t<p><strong>Adres: <\/strong>1702-5 Northtown way, Yang Street,\u00a0<\/p><p>Toronto Canada, Postal code: M2N 7A1<\/p><p><strong>Telefon:<\/strong>+1 6478 799 609<\/p><p><strong>e-Mail:<\/strong>info@onyxenergy.com.tr<\/p>\t\t\t\t\t\t<\/div>\n\t\t\t\t<\/div>\n\t\t\t\t<div class=\"elementor-element elementor-element-935381d elementor-widget elementor-widget-heading\" data-id=\"935381d\" data-element_type=\"widget\" data-widget_type=\"heading.default\">\n\t\t\t\t<div class=\"elementor-widget-container\">\n\t\t\t<h2 class=\"elementor-heading-title elementor-size-default\">Dubai Ofisi<\/h2>\t\t<\/div>\n\t\t\t\t<\/div>\n\t\t\t\t<div class=\"elementor-element elementor-element-46d3f03 elementor-widget-divider--view-line elementor-widget elementor-widget-divider\" data-id=\"46d3f03\" data-element_type=\"widget\" data-widget_type=\"divider.default\">\n\t\t\t\t<div class=\"elementor-widget-container\">\n\t\t\t\t\t<div class=\"elementor-divider\">\n\t\t\t<span class=\"elementor-divider-separator\">\n\t\t\t\t\t\t<\/span>\n\t\t<\/div>\n\t\t\t\t<\/div>\n\t\t\t\t<\/div>\n\t\t\t\t<div class=\"elementor-element elementor-element-72befa8 elementor-widget elementor-widget-text-editor\" data-id=\"72befa8\" data-element_type=\"widget\" data-widget_type=\"text-editor.default\">\n\t\t\t\t<div class=\"elementor-widget-container\">\n\t\t\t\t\t\t\t<p><strong>Adres: <\/strong>Unit 1001-34, Crystal Tower,\u00a0<\/p><p>Al-Asayel Street, Business Bay, Dubai, UAE<\/p><p><strong>Telefon: <\/strong>+971 543 007 124<\/p><p><strong>e-Mail: <\/strong>commerce@rayagoldenfive.ae<\/p>\t\t\t\t\t\t<\/div>\n\t\t\t\t<\/div>\n\t\t\t\t<\/div>\n\t\t<div class=\"elementor-element elementor-element-b4cb127 e-con-full e-flex e-con e-child\" data-id=\"b4cb127\" data-element_type=\"container\">\n\t\t\t\t<div class=\"elementor-element elementor-element-58f7780 elementor-widget elementor-widget-google_maps\" data-id=\"58f7780\" data-element_type=\"widget\" data-widget_type=\"google_maps.default\">\n\t\t\t\t<div class=\"elementor-widget-container\">\n\t\t\t\t\t<div class=\"elementor-custom-embed\">\n\t\t\t<iframe loading=\"lazy\"\n\t\t\t\t\tsrc=\"https:\/\/maps.google.com\/maps?q=Cevizli%20Mah.%20Saraylar%20Cad.DAP%20%20Vazo%20Plaza%20No%3A6%20C%20Blok%20Kat%3A2%20%20D%3A12%20Maltepe%20%2F%20%C4%B0stanbul&#038;t=m&#038;z=10&#038;output=embed&#038;iwloc=near\"\n\t\t\t\t\ttitle=\"Cevizli Mah. Saraylar Cad.DAP  Vazo Plaza No:6 C Blok Kat:2  D:12 Maltepe \/ \u0130stanbul\"\n\t\t\t\t\taria-label=\"Cevizli Mah. Saraylar Cad.DAP  Vazo Plaza No:6 C Blok Kat:2  D:12 Maltepe \/ \u0130stanbul\"\n\t\t\t><\/iframe>\n\t\t<\/div>\n\t\t\t\t<\/div>\n\t\t\t\t<\/div>\n\t\t\t\t<div class=\"elementor-element elementor-element-3cee4a1 elementor-widget elementor-widget-google_maps\" data-id=\"3cee4a1\" data-element_type=\"widget\" data-widget_type=\"google_maps.default\">\n\t\t\t\t<div class=\"elementor-widget-container\">\n\t\t\t\t\t<div class=\"elementor-custom-embed\">\n\t\t\t<iframe loading=\"lazy\"\n\t\t\t\t\tsrc=\"https:\/\/maps.google.com\/maps?q=1702-5%20Northtown%20way%2C%20Yang%20Street%2C%20%20%20Toronto%20Canada%2C%20Postal%20code%3A%20M2N%207A1&#038;t=m&#038;z=10&#038;output=embed&#038;iwloc=near\"\n\t\t\t\t\ttitle=\"1702-5 Northtown way, Yang Street,   Toronto Canada, Postal code: M2N 7A1\"\n\t\t\t\t\taria-label=\"1702-5 Northtown way, Yang Street,   Toronto Canada, Postal code: M2N 7A1\"\n\t\t\t><\/iframe>\n\t\t<\/div>\n\t\t\t\t<\/div>\n\t\t\t\t<\/div>\n\t\t\t\t<div class=\"elementor-element elementor-element-e335e18 elementor-widget elementor-widget-google_maps\" data-id=\"e335e18\" data-element_type=\"widget\" data-widget_type=\"google_maps.default\">\n\t\t\t\t<div class=\"elementor-widget-container\">\n\t\t\t\t\t<div class=\"elementor-custom-embed\">\n\t\t\t<iframe loading=\"lazy\"\n\t\t\t\t\tsrc=\"https:\/\/maps.google.com\/maps?q=Unit%201001-34%2C%20Crystal%20Tower%2C%20%20%20Al-Asayel%20Street%2C%20Business%20Bay%2C%20Dubai%2C%20UAE&#038;t=m&#038;z=10&#038;output=embed&#038;iwloc=near\"\n\t\t\t\t\ttitle=\"Unit 1001-34, Crystal Tower,   Al-Asayel Street, Business Bay, Dubai, UAE\"\n\t\t\t\t\taria-label=\"Unit 1001-34, Crystal Tower,   Al-Asayel Street, Business Bay, Dubai, UAE\"\n\t\t\t><\/iframe>\n\t\t<\/div>\n\t\t\t\t<\/div>\n\t\t\t\t<\/div>\n\t\t\t\t<\/div>\n\t\t\t\t\t<\/div>\n\t\t\t\t<\/div>\n\t\t<div class=\"elementor-element elementor-element-eab0117 e-flex e-con-boxed e-con e-parent\" data-id=\"eab0117\" data-element_type=\"container\">\n\t\t\t\t\t<div class=\"e-con-inner\">\n\t\t\t\t\t<\/div>\n\t\t\t\t<\/div>\n\t\t\t\t<\/div>\n\t\t","protected":false},"excerpt":{"rendered":"<p>ONYX ENERJ\u0130 SAN. VE T\u0130C. LTD. \u015eT\u0130. Onyx Energy ile ileti\u015fime ge\u00e7mek isterseniz, a\u015fa\u011f\u0131daki ileti\u015fim bilgilerimizi kullanabilirsiniz. Ekibimiz, sizinle i\u015f birli\u011fi yapmaktan ve ihtiya\u00e7lar\u0131n\u0131z\u0131 anlamaktan mutluluk duyacakt\u0131r. T\u00fcrkiye Ofisi Adres: Cevizli Mah. Saraylar Cad.DAP Vazo Plaza No:6 C Blok Kat:2 D:12 Maltepe \/ \u0130stanbul Telefon:\u00a0+90 ( 541 ) 260 91 64 e-Mail: sinem.soyer@onyxenergy.com.tr Kanada Ofisi [&hellip;]<\/p>\n","protected":false},"author":1,"featured_media":0,"parent":0,"menu_order":0,"comment_status":"closed","ping_status":"closed","template":"page-builder.php","meta":{"footnotes":""},"class_list":["post-69","page","type-page","status-publish","hentry"],"_links":{"self":[{"href":"https:\/\/onyxenergy.com.tr\/enerji\/wp-json\/wp\/v2\/pages\/69","targetHints":{"allow":["GET"]}}],"collection":[{"href":"https:\/\/onyxenergy.com.tr\/enerji\/wp-json\/wp\/v2\/pages"}],"about":[{"href":"https:\/\/onyxenergy.com.tr\/enerji\/wp-json\/wp\/v2\/types\/page"}],"author":[{"embeddable":true,"href":"https:\/\/onyxenergy.com.tr\/enerji\/wp-json\/wp\/v2\/users\/1"}],"replies":[{"embeddable":true,"href":"https:\/\/onyxenergy.com.tr\/enerji\/wp-json\/wp\/v2\/comments?post=69"}],"version-history":[{"count":74,"href":"https:\/\/onyxenergy.com.tr\/enerji\/wp-json\/wp\/v2\/pages\/69\/revisions"}],"predecessor-version":[{"id":3428,"href":"https:\/\/onyxenergy.com.tr\/enerji\/wp-json\/wp\/v2\/pages\/69\/revisions\/3428"}],"wp:attachment":[{"href":"https:\/\/onyxenergy.com.tr\/enerji\/wp-json\/wp\/v2\/media?parent=69"}],"curies":[{"name":"wp","href":"https:\/\/api.w.org\/{rel}","templated":true}]}}