{"id":40,"date":"2023-07-17T14:25:00","date_gmt":"2023-07-17T14:25:00","guid":{"rendered":"http:\/\/noxiy.local\/?page_id=40"},"modified":"2025-05-01T16:32:47","modified_gmt":"2025-05-01T13:32:47","slug":"hakkimizda","status":"publish","type":"page","link":"https:\/\/onyxenergy.com.tr\/enerji\/hakkimizda\/","title":{"rendered":"Hakk\u0131m\u0131zda"},"content":{"rendered":"\t\t<div data-elementor-type=\"wp-page\" data-elementor-id=\"40\" class=\"elementor elementor-40\">\n\t\t\t\t\t\t<section class=\"elementor-section elementor-top-section elementor-element elementor-element-d28b46d elementor-section-content-middle elementor-section-boxed elementor-section-height-default elementor-section-height-default\" data-id=\"d28b46d\" data-element_type=\"section\" data-settings=\"{&quot;background_background&quot;:&quot;classic&quot;}\">\n\t\t\t\t\t\t<div class=\"elementor-container elementor-column-gap-default\">\n\t\t\t\t\t<div class=\"elementor-column elementor-col-50 elementor-top-column elementor-element elementor-element-dc60365\" data-id=\"dc60365\" data-element_type=\"column\">\n\t\t\t<div class=\"elementor-widget-wrap elementor-element-populated\">\n\t\t\t\t\t\t<div class=\"elementor-element elementor-element-9700ec2 elementor-widget elementor-widget-image-noxiy\" data-id=\"9700ec2\" data-element_type=\"widget\" data-widget_type=\"image-noxiy.default\">\n\t\t\t\t<div class=\"elementor-widget-container\">\n\t\t\t\r\n\r\n        \r\n\r\n        \r\n\r\n        \r\n\r\n        \r\n\r\n        \r\n\r\n                \r\n\r\n\r\n                \r\n\r\n\r\n        \r\n\r\n        \r\n        \r\n        \r\n            <div class=\"about__four-left\">\r\n\t\t\t\t<div class=\"about__four-left-image\">\r\n                    <img decoding=\"async\" class=\"about__four-left-image-shape\" src=\"https:\/\/noxiy.themeori.net\/wp-content\/uploads\/2023\/07\/benefits.png\" alt=\"No alt text\" \/>                    \t\t\t\t\t<div class=\"image-overlay dark__image\">\r\n                        <img decoding=\"async\" class=\"about__four-left-image-one\" src=\"https:\/\/www.onyxenergy.com.tr\/wp-content\/uploads\/2024\/10\/corporate-business-handshake-business-partners_53876-104764-1.png\" alt=\"No alt text\" \/>\t\t\t\t\t<\/div>\r\n\t\t\t\t\t<div class=\"about__four-left-image-two image-overlay dark__image\">\r\n                        <img decoding=\"async\" src=\"https:\/\/www.onyxenergy.com.tr\/wp-content\/uploads\/2024\/10\/3d-electric-car-charging-station_23-2148972416.png\" alt=\"No alt text\" \/>\t\t\t\t\t<\/div>\r\n\t\t\t\t<\/div>\r\n\t\t\t<\/div>\r\n\r\n         \r\n        \r\n        \r\n          \r\n        \r\n\r\n\r\n        \t\t<\/div>\n\t\t\t\t<\/div>\n\t\t\t\t\t<\/div>\n\t\t<\/div>\n\t\t\t\t<div class=\"elementor-column elementor-col-50 elementor-top-column elementor-element elementor-element-85a7b5b\" data-id=\"85a7b5b\" data-element_type=\"column\">\n\t\t\t<div class=\"elementor-widget-wrap elementor-element-populated\">\n\t\t\t\t\t\t<div class=\"elementor-element elementor-element-be2d0dc elementor-widget elementor-widget-subtitle-noxiy\" data-id=\"be2d0dc\" data-element_type=\"widget\" data-widget_type=\"subtitle-noxiy.default\">\n\t\t\t\t<div class=\"elementor-widget-container\">\n\t\t\t\r\n\r\n        <div class=\"subtitle-noxiy\">\r\n            <img decoding=\"async\" src=\"https:\/\/www.onyxenergy.com.tr\/wp-content\/uploads\/2024\/10\/\u2014Pngtree\u2014fire-flame-icon-design-template_4091991-1-1.png\" alt=\"No alt text\" \/>            <span>\r\n                Onyx Enerji            <\/span>\r\n        <\/div>\r\n\r\n\r\n        \t\t<\/div>\n\t\t\t\t<\/div>\n\t\t\t\t<div class=\"elementor-element elementor-element-6003ad5 elementor-widget__width-initial elementor-widget-mobile__width-inherit elementor-widget elementor-widget-heading\" data-id=\"6003ad5\" data-element_type=\"widget\" data-widget_type=\"heading.default\">\n\t\t\t\t<div class=\"elementor-widget-container\">\n\t\t\t<h2 class=\"elementor-heading-title elementor-size-default\">Biz Kimiz ?<\/h2>\t\t<\/div>\n\t\t\t\t<\/div>\n\t\t\t\t<div class=\"elementor-element elementor-element-dd7f34a elementor-widget__width-initial elementor-widget-tablet__width-inherit elementor-widget elementor-widget-heading\" data-id=\"dd7f34a\" data-element_type=\"widget\" data-widget_type=\"heading.default\">\n\t\t\t\t<div class=\"elementor-widget-container\">\n\t\t\t<p class=\"elementor-heading-title elementor-size-default\">Onyx Enerji, enerji sekt\u00f6r\u00fcnde 20 y\u0131ld\u0131r faaliyet g\u00f6steren bir grup \u015firketinin par\u00e7as\u0131 ve bir\nkad\u0131n giri\u015fimci \u015firketidir. OnyxEnerji ve Onyx\u015earj olmak \u00fczere iki ana dalda hizmet veren\nfirmam\u0131z \u0130stanbul, Kanada ve Dubai olmak \u00fczere 3 lokasyonda konumlanm\u0131\u015ft\u0131r. Petro\nkimya sekt\u00f6r\u00fcndeki 16 y\u0131ll\u0131k deneyimimizi ve d\u00fcnyan\u0131n d\u00f6rt bir yan\u0131na uzanm\u0131\u015f partnerlik\na\u011flar\u0131m\u0131z\u0131 ihtiya\u00e7lar\u0131n\u0131za en uygun \u00e7\u00f6z\u00fcm\u00fc bulmak i\u00e7in bir araya getiriyoruz.\nPartnerlerimizle kurdu\u011fumuz g\u00fc\u00e7l\u00fc ili\u015fkiler ve etkin lojistik a\u011f\u0131m\u0131z sayesinde t\u00fcm\ntaleplerinizi h\u0131zl\u0131, kaliteli, g\u00fcvenli ve \u015feffaf bir \u015fekilde sizlere ula\u015ft\u0131r\u0131yoruz. Sizin i\u00e7in\n\u00fcr\u00fcnlerin kalite denetimlerini yap\u0131yor tedarik sonras\u0131 s\u00fcrekli servis ve destek hizmeti\nsunuyoruz. Sekt\u00f6rdeki en g\u00fcncel teknolojileri izleyen deneyimli teknik dan\u0131\u015fmanlar\u0131m\u0131z\nile projenize en uygun ve s\u00fcrd\u00fcr\u00fclebilir \u00e7\u00f6z\u00fcmleri sunmak i\u00e7in yan\u0131n\u0131zday\u0131z. \u0130stanbul\nofisimiz arac\u0131l\u0131\u011f\u0131yla sizin i\u00e7in en uygun \u00e7\u00f6z\u00fcmleri ke\u015ffetmek \u00fczere <\/p>\t\t<\/div>\n\t\t\t\t<\/div>\n\t\t\t\t<div class=\"elementor-element elementor-element-a161db1 elementor-widget elementor-widget-text-editor\" data-id=\"a161db1\" data-element_type=\"widget\" data-widget_type=\"text-editor.default\">\n\t\t\t\t<div class=\"elementor-widget-container\">\n\t\t\t\t\t\t\t<p><a href=\"https:\/\/onyxenergy.com.tr\/enerji\/iletisim\/\">Bizimle ileti\u015fime ge\u00e7ebilirsiniz<\/a><\/p>\t\t\t\t\t\t<\/div>\n\t\t\t\t<\/div>\n\t\t\t\t\t<\/div>\n\t\t<\/div>\n\t\t\t\t\t<\/div>\n\t\t<\/section>\n\t\t<div class=\"elementor-element elementor-element-7057ab4 e-flex e-con-boxed e-con e-parent\" data-id=\"7057ab4\" data-element_type=\"container\" data-settings=\"{&quot;background_background&quot;:&quot;classic&quot;}\">\n\t\t\t\t\t<div class=\"e-con-inner\">\n\t\t<div class=\"elementor-element elementor-element-78d656f e-con-full e-flex e-con e-child\" data-id=\"78d656f\" data-element_type=\"container\">\n\t\t\t\t<div class=\"elementor-element elementor-element-e995623 elementor-widget elementor-widget-subtitle-noxiy\" data-id=\"e995623\" data-element_type=\"widget\" data-widget_type=\"subtitle-noxiy.default\">\n\t\t\t\t<div class=\"elementor-widget-container\">\n\t\t\t\r\n\r\n        <div class=\"subtitle-noxiy\">\r\n                        <span>\r\n                Vizyon            <\/span>\r\n        <\/div>\r\n\r\n\r\n        \t\t<\/div>\n\t\t\t\t<\/div>\n\t\t\t\t<div class=\"elementor-element elementor-element-96033c5 elementor-widget elementor-widget-text-editor\" data-id=\"96033c5\" data-element_type=\"widget\" data-widget_type=\"text-editor.default\">\n\t\t\t\t<div class=\"elementor-widget-container\">\n\t\t\t\t\t\t\t<p>Enerji sekt\u00f6r\u00fcnde kad\u0131n giri\u015fimcili\u011fini \u00f6n plana \u00e7\u0131kararak, s\u00fcrd\u00fcr\u00fclebilir ve yenilik\u00e7i \u00e7\u00f6z\u00fcmler sunan bir lider olmay\u0131 hedefliyoruz. Global \u00f6l\u00e7ekte g\u00fcvenilir bir partner olarak, \u00e7evresel duyarl\u0131l\u0131\u011f\u0131 ve enerji verimlili\u011fini art\u0131rmay\u0131 ama\u00e7layarak, sekt\u00f6rdeki en iyi uygulamalar\u0131n yayg\u0131nla\u015fmas\u0131na \u00f6nc\u00fcl\u00fck etmeyi istiyoruz. M\u00fc\u015fterilerimizin ihtiya\u00e7lar\u0131na duyarl\u0131 yakla\u015f\u0131m\u0131m\u0131z ve s\u00fcrekli geli\u015fim anlay\u0131\u015f\u0131m\u0131zla, enerji alan\u0131nda \u00f6rnek g\u00f6sterilen bir marka olmay\u0131 arzuluyoruz.<\/p>\t\t\t\t\t\t<\/div>\n\t\t\t\t<\/div>\n\t\t\t\t<\/div>\n\t\t<div class=\"elementor-element elementor-element-5fe3e8a e-con-full e-flex e-con e-child\" data-id=\"5fe3e8a\" data-element_type=\"container\">\n\t\t\t\t<div class=\"elementor-element elementor-element-5b7e515 elementor-widget elementor-widget-subtitle-noxiy\" data-id=\"5b7e515\" data-element_type=\"widget\" data-widget_type=\"subtitle-noxiy.default\">\n\t\t\t\t<div class=\"elementor-widget-container\">\n\t\t\t\r\n\r\n        <div class=\"subtitle-noxiy\">\r\n                        <span>\r\n                Misyon            <\/span>\r\n        <\/div>\r\n\r\n\r\n        \t\t<\/div>\n\t\t\t\t<\/div>\n\t\t\t\t<div class=\"elementor-element elementor-element-9a7c039 elementor-widget elementor-widget-text-editor\" data-id=\"9a7c039\" data-element_type=\"widget\" data-widget_type=\"text-editor.default\">\n\t\t\t\t<div class=\"elementor-widget-container\">\n\t\t\t\t\t\t\t<p>Onyx Enerji, 20 y\u0131ll\u0131k sekt\u00f6rel deneyimimizi ve geni\u015f partnerlik a\u011f\u0131m\u0131z\u0131 birle\u015ftirerek, m\u00fc\u015fterilerimize petro-kimya alan\u0131nda h\u0131zl\u0131, kaliteli ve g\u00fcvenilir enerji \u00e7\u00f6z\u00fcmleri sunmay\u0131 taahh\u00fct eder. Kalite kontrol s\u00fcre\u00e7lerimizle en y\u00fcksek standartlar\u0131 sa\u011flayarak, tedarik sonras\u0131 s\u00fcrekli destek hizmetleri ile m\u00fc\u015fteri memnuniyetini art\u0131rmay\u0131 hedefliyoruz. T\u00fcm payda\u015flar\u0131m\u0131za de\u011fer yaratma misyonumuzla kal\u0131c\u0131 etkiler b\u0131rakmay\u0131 ama\u00e7l\u0131yoruz.<\/p>\t\t\t\t\t\t<\/div>\n\t\t\t\t<\/div>\n\t\t\t\t<\/div>\n\t\t\t\t\t<\/div>\n\t\t\t\t<\/div>\n\t\t\t\t<section class=\"elementor-section elementor-top-section elementor-element elementor-element-989de4d elementor-section-boxed elementor-section-height-default elementor-section-height-default\" data-id=\"989de4d\" data-element_type=\"section\">\n\t\t\t\t\t\t<div class=\"elementor-container elementor-column-gap-default\">\n\t\t\t\t\t<div class=\"elementor-column elementor-col-100 elementor-top-column elementor-element elementor-element-0f41b0a\" data-id=\"0f41b0a\" data-element_type=\"column\">\n\t\t\t<div class=\"elementor-widget-wrap elementor-element-populated\">\n\t\t\t\t\t\t<section class=\"elementor-section elementor-inner-section elementor-element elementor-element-280b91f elementor-section-full_width elementor-section-height-default elementor-section-height-default\" data-id=\"280b91f\" data-element_type=\"section\">\n\t\t\t\t\t\t<div class=\"elementor-container elementor-column-gap-no\">\n\t\t\t\t\t<div class=\"elementor-column elementor-col-25 elementor-inner-column elementor-element elementor-element-e853d78\" data-id=\"e853d78\" data-element_type=\"column\">\n\t\t\t<div class=\"elementor-widget-wrap elementor-element-populated\">\n\t\t\t\t\t\t<div class=\"elementor-element elementor-element-b5e9837 elementor-widget elementor-widget-counter-noxiy\" data-id=\"b5e9837\" data-element_type=\"widget\" data-widget_type=\"counter-noxiy.default\">\n\t\t\t\t<div class=\"elementor-widget-container\">\n\t\t\t            <div class=\"counter__two-item\">\r\n                <div class=\"counter__two-item-icon\">\r\n\t\t\t\t\t<i class=\"flaticon flaticon-team\"><\/i>\r\n                <\/div>\r\n                <div class=\"counter__two-item-content\">\r\n                    <h2>\r\n                        <span class=\"counter\">\r\n                            3                        <\/span>\r\n                        +                    <\/h2>\r\n                    <h6>\r\n                        \u015eube                    <\/h6>\r\n                <\/div>\r\n            <\/div>\r\n\r\n    \t\t<\/div>\n\t\t\t\t<\/div>\n\t\t\t\t\t<\/div>\n\t\t<\/div>\n\t\t\t\t<div class=\"elementor-column elementor-col-25 elementor-inner-column elementor-element elementor-element-8dabdb5\" data-id=\"8dabdb5\" data-element_type=\"column\">\n\t\t\t<div class=\"elementor-widget-wrap elementor-element-populated\">\n\t\t\t\t\t\t<div class=\"elementor-element elementor-element-9634a71 elementor-widget elementor-widget-counter-noxiy\" data-id=\"9634a71\" data-element_type=\"widget\" data-widget_type=\"counter-noxiy.default\">\n\t\t\t\t<div class=\"elementor-widget-container\">\n\t\t\t            <div class=\"counter__two-item\">\r\n                <div class=\"counter__two-item-icon\">\r\n\t\t\t\t\t<i class=\"flaticon flaticon-success\"><\/i>\r\n                <\/div>\r\n                <div class=\"counter__two-item-content\">\r\n                    <h2>\r\n                        <span class=\"counter\">\r\n                            165                        <\/span>\r\n                        +                    <\/h2>\r\n                    <h6>\r\n                        Hizmet                    <\/h6>\r\n                <\/div>\r\n            <\/div>\r\n\r\n    \t\t<\/div>\n\t\t\t\t<\/div>\n\t\t\t\t\t<\/div>\n\t\t<\/div>\n\t\t\t\t<div class=\"elementor-column elementor-col-25 elementor-inner-column elementor-element elementor-element-acc7954\" data-id=\"acc7954\" data-element_type=\"column\">\n\t\t\t<div class=\"elementor-widget-wrap elementor-element-populated\">\n\t\t\t\t\t\t<div class=\"elementor-element elementor-element-6cbcc55 elementor-widget elementor-widget-counter-noxiy\" data-id=\"6cbcc55\" data-element_type=\"widget\" data-widget_type=\"counter-noxiy.default\">\n\t\t\t\t<div class=\"elementor-widget-container\">\n\t\t\t            <div class=\"counter__two-item\">\r\n                <div class=\"counter__two-item-icon\">\r\n\t\t\t\t\t<i class=\"flaticon flaticon-project-management\"><\/i>\r\n                <\/div>\r\n                <div class=\"counter__two-item-content\">\r\n                    <h2>\r\n                        <span class=\"counter\">\r\n                            68                        <\/span>\r\n                        +                    <\/h2>\r\n                    <h6>\r\n                        Profesyonel Ekip                    <\/h6>\r\n                <\/div>\r\n            <\/div>\r\n\r\n    \t\t<\/div>\n\t\t\t\t<\/div>\n\t\t\t\t\t<\/div>\n\t\t<\/div>\n\t\t\t\t<div class=\"elementor-column elementor-col-25 elementor-inner-column elementor-element elementor-element-f893da9\" data-id=\"f893da9\" data-element_type=\"column\">\n\t\t\t<div class=\"elementor-widget-wrap elementor-element-populated\">\n\t\t\t\t\t\t<div class=\"elementor-element elementor-element-b82c9ce elementor-widget elementor-widget-counter-noxiy\" data-id=\"b82c9ce\" data-element_type=\"widget\" data-widget_type=\"counter-noxiy.default\">\n\t\t\t\t<div class=\"elementor-widget-container\">\n\t\t\t            <div class=\"counter__two-item\">\r\n                <div class=\"counter__two-item-icon\">\r\n\t\t\t\t\t<i class=\"flaticon flaticon-costumer\"><\/i>\r\n                <\/div>\r\n                <div class=\"counter__two-item-content\">\r\n                    <h2>\r\n                        <span class=\"counter\">\r\n                            20                        <\/span>\r\n                        +                    <\/h2>\r\n                    <h6>\r\n                        Y\u0131ll\u0131k Tecr\u00fcbe                    <\/h6>\r\n                <\/div>\r\n            <\/div>\r\n\r\n    \t\t<\/div>\n\t\t\t\t<\/div>\n\t\t\t\t\t<\/div>\n\t\t<\/div>\n\t\t\t\t\t<\/div>\n\t\t<\/section>\n\t\t\t\t\t<\/div>\n\t\t<\/div>\n\t\t\t\t\t<\/div>\n\t\t<\/section>\n\t\t\t\t<section class=\"elementor-section elementor-top-section elementor-element elementor-element-a3080b2 elementor-section-content-middle elementor-section-boxed elementor-section-height-default elementor-section-height-default\" data-id=\"a3080b2\" data-element_type=\"section\" data-settings=\"{&quot;background_background&quot;:&quot;classic&quot;}\">\n\t\t\t\t\t\t\t<div class=\"elementor-background-overlay\"><\/div>\n\t\t\t\t\t\t\t<div class=\"elementor-container elementor-column-gap-default\">\n\t\t\t\t\t<div class=\"elementor-column elementor-col-50 elementor-top-column elementor-element elementor-element-78b8b82\" data-id=\"78b8b82\" data-element_type=\"column\">\n\t\t\t<div class=\"elementor-widget-wrap elementor-element-populated\">\n\t\t\t\t\t\t<div class=\"elementor-element elementor-element-6fee5c6 elementor-widget elementor-widget-subtitle-noxiy\" data-id=\"6fee5c6\" data-element_type=\"widget\" data-widget_type=\"subtitle-noxiy.default\">\n\t\t\t\t<div class=\"elementor-widget-container\">\n\t\t\t\r\n\r\n        <div class=\"subtitle-noxiy\">\r\n            <img decoding=\"async\" src=\"https:\/\/www.onyxenergy.com.tr\/wp-content\/uploads\/2024\/10\/\u2014Pngtree\u2014fire-flame-icon-design-template_4091991-1-1.png\" alt=\"No alt text\" \/>            <span>\r\n                Onyx Enerji            <\/span>\r\n        <\/div>\r\n\r\n\r\n        \t\t<\/div>\n\t\t\t\t<\/div>\n\t\t\t\t<div class=\"elementor-element elementor-element-0461849 elementor-widget__width-initial elementor-widget-tablet__width-inherit elementor-widget-mobile__width-inherit elementor-widget elementor-widget-heading\" data-id=\"0461849\" data-element_type=\"widget\" data-widget_type=\"heading.default\">\n\t\t\t\t<div class=\"elementor-widget-container\">\n\t\t\t<h2 class=\"elementor-heading-title elementor-size-default\">Uzman Temsilcilerimiz Her Zaman Yan\u0131n\u0131zda...<\/h2>\t\t<\/div>\n\t\t\t\t<\/div>\n\t\t\t\t<div class=\"elementor-element elementor-element-83810d5 elementor-widget elementor-widget-button-noxiy\" data-id=\"83810d5\" data-element_type=\"widget\" data-widget_type=\"button-noxiy.default\">\n\t\t\t\t<div class=\"elementor-widget-container\">\n\t\t\t\r\n        <div class=\"noxiy-button\">\r\n            <a href=\"\/iletisim\" class=\"noxiy__btn\">\r\n                Bize Ula\u015f\u0131n            <\/a>\r\n\r\n        <\/div>\r\n\r\n        \t\t<\/div>\n\t\t\t\t<\/div>\n\t\t\t\t\t<\/div>\n\t\t<\/div>\n\t\t\t\t<div class=\"elementor-column elementor-col-50 elementor-top-column elementor-element elementor-element-476ae22\" data-id=\"476ae22\" data-element_type=\"column\">\n\t\t\t<div class=\"elementor-widget-wrap elementor-element-populated\">\n\t\t\t\t\t\t<section class=\"elementor-section elementor-inner-section elementor-element elementor-element-ebedfac elementor-section-full_width elementor-section-height-default elementor-section-height-default\" data-id=\"ebedfac\" data-element_type=\"section\">\n\t\t\t\t\t\t<div class=\"elementor-container elementor-column-gap-no\">\n\t\t\t\t\t<div class=\"elementor-column elementor-col-50 elementor-inner-column elementor-element elementor-element-0bd32a5\" data-id=\"0bd32a5\" data-element_type=\"column\" data-settings=\"{&quot;background_background&quot;:&quot;classic&quot;}\">\n\t\t\t<div class=\"elementor-widget-wrap elementor-element-populated\">\n\t\t\t\t\t\t<div class=\"elementor-element elementor-element-346a672 elementor-view-stacked elementor-shape-circle elementor-widget elementor-widget-icon\" data-id=\"346a672\" data-element_type=\"widget\" data-settings=\"{&quot;_animation&quot;:&quot;none&quot;,&quot;_animation_delay&quot;:0}\" data-widget_type=\"icon.default\">\n\t\t\t\t<div class=\"elementor-widget-container\">\n\t\t\t\t\t<div class=\"elementor-icon-wrapper\">\n\t\t\t<div class=\"elementor-icon\">\n\t\t\t<i aria-hidden=\"true\" class=\"flaticon flaticon-phone-call\"><\/i>\t\t\t<\/div>\n\t\t<\/div>\n\t\t\t\t<\/div>\n\t\t\t\t<\/div>\n\t\t\t\t<div class=\"elementor-element elementor-element-3024dec elementor-widget-mobile__width-inherit elementor-widget elementor-widget-heading\" data-id=\"3024dec\" data-element_type=\"widget\" data-widget_type=\"heading.default\">\n\t\t\t\t<div class=\"elementor-widget-container\">\n\t\t\t<span class=\"elementor-heading-title elementor-size-default\">M\u00fc\u015fteri Temsilcisi<\/span>\t\t<\/div>\n\t\t\t\t<\/div>\n\t\t\t\t<div class=\"elementor-element elementor-element-0bffef8 elementor-icon-list--layout-traditional elementor-list-item-link-full_width elementor-widget elementor-widget-icon-list\" data-id=\"0bffef8\" data-element_type=\"widget\" data-widget_type=\"icon-list.default\">\n\t\t\t\t<div class=\"elementor-widget-container\">\n\t\t\t\t\t<ul class=\"elementor-icon-list-items\">\n\t\t\t\t\t\t\t<li class=\"elementor-icon-list-item\">\n\t\t\t\t\t\t\t\t\t\t\t<a href=\"tel:+90%20(%20541%20)%20260%2091%2064\">\n\n\t\t\t\t\t\t\t\t\t\t\t<span class=\"elementor-icon-list-text\">+90 ( 541 ) 260 91 64<\/span>\n\t\t\t\t\t\t\t\t\t\t\t<\/a>\n\t\t\t\t\t\t\t\t\t<\/li>\n\t\t\t\t\t\t<\/ul>\n\t\t\t\t<\/div>\n\t\t\t\t<\/div>\n\t\t\t\t\t<\/div>\n\t\t<\/div>\n\t\t\t\t<div class=\"elementor-column elementor-col-50 elementor-inner-column elementor-element elementor-element-efb396a\" data-id=\"efb396a\" data-element_type=\"column\" data-settings=\"{&quot;background_background&quot;:&quot;classic&quot;}\">\n\t\t\t<div class=\"elementor-widget-wrap elementor-element-populated\">\n\t\t\t\t\t\t<div class=\"elementor-element elementor-element-344242a elementor-view-stacked elementor-shape-circle elementor-widget elementor-widget-icon\" data-id=\"344242a\" data-element_type=\"widget\" data-settings=\"{&quot;_animation&quot;:&quot;none&quot;,&quot;_animation_delay&quot;:0}\" data-widget_type=\"icon.default\">\n\t\t\t\t<div class=\"elementor-widget-container\">\n\t\t\t\t\t<div class=\"elementor-icon-wrapper\">\n\t\t\t<div class=\"elementor-icon\">\n\t\t\t<svg aria-hidden=\"true\" class=\"e-font-icon-svg e-far-envelope-open\" viewBox=\"0 0 512 512\" xmlns=\"http:\/\/www.w3.org\/2000\/svg\"><path d=\"M494.586 164.516c-4.697-3.883-111.723-89.95-135.251-108.657C337.231 38.191 299.437 0 256 0c-43.205 0-80.636 37.717-103.335 55.859-24.463 19.45-131.07 105.195-135.15 108.549A48.004 48.004 0 0 0 0 201.485V464c0 26.51 21.49 48 48 48h416c26.51 0 48-21.49 48-48V201.509a48 48 0 0 0-17.414-36.993zM464 458a6 6 0 0 1-6 6H54a6 6 0 0 1-6-6V204.347c0-1.813.816-3.526 2.226-4.665 15.87-12.814 108.793-87.554 132.364-106.293C200.755 78.88 232.398 48 256 48c23.693 0 55.857 31.369 73.41 45.389 23.573 18.741 116.503 93.493 132.366 106.316a5.99 5.99 0 0 1 2.224 4.663V458zm-31.991-187.704c4.249 5.159 3.465 12.795-1.745 16.981-28.975 23.283-59.274 47.597-70.929 56.863C336.636 362.283 299.205 400 256 400c-43.452 0-81.287-38.237-103.335-55.86-11.279-8.967-41.744-33.413-70.927-56.865-5.21-4.187-5.993-11.822-1.745-16.981l15.258-18.528c4.178-5.073 11.657-5.843 16.779-1.726 28.618 23.001 58.566 47.035 70.56 56.571C200.143 320.631 232.307 352 256 352c23.602 0 55.246-30.88 73.41-45.389 11.994-9.535 41.944-33.57 70.563-56.568 5.122-4.116 12.601-3.346 16.778 1.727l15.258 18.526z\"><\/path><\/svg>\t\t\t<\/div>\n\t\t<\/div>\n\t\t\t\t<\/div>\n\t\t\t\t<\/div>\n\t\t\t\t<div class=\"elementor-element elementor-element-0b5fd1c elementor-widget-mobile__width-inherit elementor-widget elementor-widget-heading\" data-id=\"0b5fd1c\" data-element_type=\"widget\" data-widget_type=\"heading.default\">\n\t\t\t\t<div class=\"elementor-widget-container\">\n\t\t\t<span class=\"elementor-heading-title elementor-size-default\">E-Mail<\/span>\t\t<\/div>\n\t\t\t\t<\/div>\n\t\t\t\t<div class=\"elementor-element elementor-element-a5ab7a5 elementor-icon-list--layout-traditional elementor-list-item-link-full_width elementor-widget elementor-widget-icon-list\" data-id=\"a5ab7a5\" data-element_type=\"widget\" data-widget_type=\"icon-list.default\">\n\t\t\t\t<div class=\"elementor-widget-container\">\n\t\t\t\t\t<ul class=\"elementor-icon-list-items\">\n\t\t\t\t\t\t\t<li class=\"elementor-icon-list-item\">\n\t\t\t\t\t\t\t\t\t\t\t<a href=\"mailto:info@onyxenerji.com.tr\">\n\n\t\t\t\t\t\t\t\t\t\t\t<span class=\"elementor-icon-list-text\">sinem.soyer@onyxenergy.com.tr<\/span>\n\t\t\t\t\t\t\t\t\t\t\t<\/a>\n\t\t\t\t\t\t\t\t\t<\/li>\n\t\t\t\t\t\t<\/ul>\n\t\t\t\t<\/div>\n\t\t\t\t<\/div>\n\t\t\t\t\t<\/div>\n\t\t<\/div>\n\t\t\t\t\t<\/div>\n\t\t<\/section>\n\t\t\t\t\t<\/div>\n\t\t<\/div>\n\t\t\t\t\t<\/div>\n\t\t<\/section>\n\t\t<div class=\"elementor-element elementor-element-12c6124 e-flex e-con-boxed e-con e-parent\" data-id=\"12c6124\" data-element_type=\"container\">\n\t\t\t\t\t<div class=\"e-con-inner\">\n\t\t\t\t<div class=\"elementor-element elementor-element-0463ebb elementor-widget elementor-widget-spacer\" data-id=\"0463ebb\" data-element_type=\"widget\" data-widget_type=\"spacer.default\">\n\t\t\t\t<div class=\"elementor-widget-container\">\n\t\t\t\t\t<div class=\"elementor-spacer\">\n\t\t\t<div class=\"elementor-spacer-inner\"><\/div>\n\t\t<\/div>\n\t\t\t\t<\/div>\n\t\t\t\t<\/div>\n\t\t\t\t\t<\/div>\n\t\t\t\t<\/div>\n\t\t\t\t<\/div>\n\t\t","protected":false},"excerpt":{"rendered":"<p>Onyx Enerji Biz Kimiz ? Onyx Enerji, enerji sekt\u00f6r\u00fcnde 20 y\u0131ld\u0131r faaliyet g\u00f6steren bir grup \u015firketinin par\u00e7as\u0131 ve bir kad\u0131n giri\u015fimci \u015firketidir. OnyxEnerji ve Onyx\u015earj olmak \u00fczere iki ana dalda hizmet veren firmam\u0131z \u0130stanbul, Kanada ve Dubai olmak \u00fczere 3 lokasyonda konumlanm\u0131\u015ft\u0131r. Petro kimya sekt\u00f6r\u00fcndeki 16 y\u0131ll\u0131k deneyimimizi ve d\u00fcnyan\u0131n d\u00f6rt bir yan\u0131na uzanm\u0131\u015f partnerlik [&hellip;]<\/p>\n","protected":false},"author":1,"featured_media":0,"parent":0,"menu_order":0,"comment_status":"closed","ping_status":"closed","template":"page-builder.php","meta":{"footnotes":""},"class_list":["post-40","page","type-page","status-publish","hentry"],"_links":{"self":[{"href":"https:\/\/onyxenergy.com.tr\/enerji\/wp-json\/wp\/v2\/pages\/40","targetHints":{"allow":["GET"]}}],"collection":[{"href":"https:\/\/onyxenergy.com.tr\/enerji\/wp-json\/wp\/v2\/pages"}],"about":[{"href":"https:\/\/onyxenergy.com.tr\/enerji\/wp-json\/wp\/v2\/types\/page"}],"author":[{"embeddable":true,"href":"https:\/\/onyxenergy.com.tr\/enerji\/wp-json\/wp\/v2\/users\/1"}],"replies":[{"embeddable":true,"href":"https:\/\/onyxenergy.com.tr\/enerji\/wp-json\/wp\/v2\/comments?post=40"}],"version-history":[{"count":48,"href":"https:\/\/onyxenergy.com.tr\/enerji\/wp-json\/wp\/v2\/pages\/40\/revisions"}],"predecessor-version":[{"id":3262,"href":"https:\/\/onyxenergy.com.tr\/enerji\/wp-json\/wp\/v2\/pages\/40\/revisions\/3262"}],"wp:attachment":[{"href":"https:\/\/onyxenergy.com.tr\/enerji\/wp-json\/wp\/v2\/media?parent=40"}],"curies":[{"name":"wp","href":"https:\/\/api.w.org\/{rel}","templated":true}]}}